
What is the remainder when 3846 is divided by 107?
101
What is the remainder when 29257 is divided by 7312?
9
What is the remainder when 1558632 is divided by 39?
36
Calculate the remainder when 5188 is divided by 237.
211
What is the remainder when 5193 is divided by 479?
403
What is the remainder when 42924 is divided by 90?
84
What is the remainder when 2747 is divided by 18?
11
What is the remainder when 145948 is divided by 9?
4
Calculate the remainder when 243948 is divided by 193.
189
What is the remainder when 396948 is divided by 29?
25
What is the remainder when 11819 is divided by 2532?
1691
Calculate the remainder when 2899 is divided by 43.
18
Calculate the remainder when 3171 is divided by 52.
51
What is the remainder when 2546 is divided by 228?
38
Calculate the remainder when 59802 is divided by 59788.
14
Calculate the remainder when 21622 is divided by 23.
2
What is the remainder when 84310 is divided by 84?
58
Calculate the remainder when 1345835 is divided by 11.
7
Calculate the remainder when 57061 is divided by 164.
153
What is the remainder when 5914 is divided by 771?
517
Calculate the remainder when 8339 is divided by 693.
23
What is the remainder when 736314 is divided by 1180?
1174
Calculate the remainder when 3439 is divided by 119.
107
What is the remainder when 569 is divided by 356?
213
What is the remainder when 38051 is divided by 177?
173
What is the remainder when 84706 is divided by 36?
34
What is the remainder when 10914 is divided by 58?
10
Calculate the remainder when 945124 is divided by 273.
271
Calculate the remainder when 27347 is divided by 43.
42
Calculate the remainder when 30278 is divided by 421.
387
Calculate the remainder when 22365 is divided by 467.
416
Calculate the remainder when 1990 is divided by 15.
10
Calculate the remainder when 686068 is divided by 343030.
8
Calculate the remainder when 2804 is divided by 2259.
545
Calculate the remainder when 232351 is divided by 32.
31
What is the remainder when 43686 is divided by 25?
11
Calculate the remainder when 4474 is divided by 2.
0
Calculate the remainder when 228 is divided by 221.
7
Calculate the remainder when 37858 is divided by 5.
3
Calculate the remainder when 402084 is divided by 3981.
3
What is the remainder when 170946 is divided by 170933?
13
Calculate the remainder when 96521 is divided by 19.
1
Calculate the remainder when 47149 is divided by 82.
81
What is the remainder when 8286 is divided by 74?
72
What is the remainder when 30185 is divided by 774?
773
What is the remainder when 15659 is divided by 181?
93
What is the remainder when 1016119 is divided by 30?
19
Calculate the remainder when 33178 is divided by 33129.
49
Calculate the remainder when 148224 is divided by 148216.
8
Calculate the remainder when 11425 is divided by 677.
593
What is the remainder when 20059 is divided by 771?
13
What is the remainder when 10912 is divided by 6?
4
Calculate the remainder when 10671 is divided by 314.
309
Calculate the remainder when 3293 is divided by 42.
17
Calculate the remainder when 72486 is divided by 24135.
81
Calculate the remainder when 642762 is divided by 587.
584
What is the remainder when 53718 is divided by 13426?
14
What is the remainder when 58042 is divided by 43?
35
Calculate the remainder when 28652 is divided by 1431.
32
What is the remainder when 48029 is divided by 981?
941
Calculate the remainder when 18287 is divided by 53.
2
Calculate the remainder when 8527 is divided by 19.
15
What is the remainder when 38183 is divided by 111?
110
What is the remainder when 230636 is divided by 24?
20
Calculate the remainder when 3390 is divided by 378.
366
Calculate the remainder when 18323 is divided by 374.
371
Calculate the remainder when 12840 is divided by 151.
5
What is the remainder when 302864 is divided by 33?
23
Calculate the remainder when 632240 is divided by 69.
62
Calculate the remainder when 37409 is divided by 5343.
8
Calculate the remainder when 439 is divided by 206.
27
Calculate the remainder when 87 is divided by 54.
33
What is the remainder when 60583 is divided by 374?
369
Calculate the remainder when 1594 is divided by 192.
58
Calculate the remainder when 775986 is divided by 113.
15
What is the remainder when 927718 is divided by 18?
16
Calculate the remainder when 2658021 is divided by 402.
399
What is the remainder when 3878 is divided by 3812?
66
What is the remainder when 57055 is divided by 57?
55
What is the remainder when 95938 is divided by 195?
193
What is the remainder when 1642 is divided by 97?
90
What is the remainder when 675400 is divided by 20?
0
What is the remainder when 47386 is divided by 1895?
11
What is the remainder when 9514 is divided by 26?
24
What is the remainder when 2861973 is divided by 78?
75
What is the remainder when 8570 is divided by 111?
23
What is the remainder when 336775 is divided by 12?
7
What is the remainder when 860 is divided by 130?
80
Calculate the remainder when 1087933 is divided by 21.
7
What is the remainder when 111046 is divided by 4269?
52
What is the remainder when 33413 is divided by 205?
203
Calculate the remainder when 10135007 is divided by 18.
17
Calculate the remainder when 15759 is divided by 389.
199
Calculate the remainder when 9031 is divided by 133.
120
What is the remainder when 30190 is divided by 1520?
1310
What is the remainder when 12852 is divided by 15?
12
Calculate the remainder when 146162 is divided by 467.
458
Calculate the remainder when 893754 is divided by 69.
66
Calculate the remainder when 25311 is divided by 112.
111
Calculate the remainder when 1531091 is divided by 19.
14
Calculate the remainder when 9591 is divided by 460.
391
What is the remainder when 2266 is divided by 287?
257
What is the remainder when 551882 is divided by 22?
12
What is the remainder when 88617 is divided by 29536?
9
What is the remainder when 159451 is divided by 103?
7
Calculate the remainder when 42431 is divided by 78.
77
What is the remainder when 9001071 is divided by 1828?
1827
Calculate the remainder when 104799 is divided by 246.
3
Calculate the remainder when 252741 is divided by 568.
549
Calculate the remainder when 5025 is divided by 391.
333
What is the remainder when 775 is divided by 477?
298
What is the remainder when 2513 is divided by 5?
3
Calculate the remainder when 825318 is divided by 103164.
6
Calculate the remainder when 24054 is divided by 9.
6
What is the remainder when 7738 is divided by 16?
10
Calculate the remainder when 16130 is divided by 2303.
9
What is the remainder when 25223 is divided by 63?
23
What is the remainder when 4081 is divided by 814?
11
What is the remainder when 1871213 is divided by 623735?
8
What is the remainder when 333233 is divided by 111070?
23
What is the remainder when 3361 is divided by 1120?
1
What is the remainder when 5187 is divided by 901?
682
Calculate the remainder when 2329 is divided by 48.
25
What is the remainder when 45706 is divided by 15144?
274
Calculate the remainder when 859 is divided by 48.
43
Calculate the remainder when 6280 is divided by 519.
52
Calculate the remainder when 1204 is divided by 1029.
175
Calculate the remainder when 60351 is divided by 23.
22
Calculate the remainder when 651838 is divided by 105.
103
What is the remainder when 3078 is divided by 13?
10
Calculate the remainder when 2544 is divided by 689.
477
What is the remainder when 25923 is divided by 2879?
12
Calculate the remainder when 9087 is divided by 4528.
31
What is the remainder when 101292 is divided by 38?
22
Calculate the remainder when 3187069 is divided by 455294.
11
What is the remainder when 1144 is divided by 221?
39
Calculate the remainder when 1784 is divided by 498.
290
What is the remainder when 3037 is divided by 499?
43
What is the remainder when 3092 is divided by 615?
17
What is the remainder when 2034 is divided by 36?
18
Calculate the remainder when 7002726 is divided by 142.
138
What is the remainder when 112494 is divided by 915?
864
Calculate the remainder when 5798 is divided by 5795.
3
Calculate the remainder when 491203 is divided by 106.
105
What is the remainder when 268 is divided by 30?
28
What is the remainder when 411109 is divided by 7?
6
Calculate t